{"id":115,"date":"2026-02-02T10:14:49","date_gmt":"2026-02-02T09:14:49","guid":{"rendered":"http:\/\/nafer.com\/?page_id=115"},"modified":"2026-04-07T08:19:27","modified_gmt":"2026-04-07T06:19:27","slug":"electricidad","status":"publish","type":"page","link":"https:\/\/nafer.com\/?page_id=115","title":{"rendered":"Electricidad"},"content":{"rendered":"<p>[et_pb_section fb_built=\u00bb1&#8243; _builder_version=\u00bb4.27.4&#8243; _module_preset=\u00bbdefault\u00bb background_image=\u00bbhttps:\/\/nafer.com\/wp-content\/uploads\/2026\/02\/car_repair_shop-04.jpg\u00bb custom_margin=\u00bb||0px||false|false\u00bb custom_padding=\u00bb274px||103px|||\u00bb da_disable_devices=\u00bboff|off|off\u00bb global_colors_info=\u00bb{}\u00bb da_is_popup=\u00bboff\u00bb da_exit_intent=\u00bboff\u00bb da_has_close=\u00bbon\u00bb da_alt_close=\u00bboff\u00bb da_dark_close=\u00bboff\u00bb da_not_modal=\u00bbon\u00bb da_is_singular=\u00bboff\u00bb da_with_loader=\u00bboff\u00bb da_has_shadow=\u00bbon\u00bb][et_pb_row _builder_version=\u00bb4.27.4&#8243; _module_preset=\u00bbdefault\u00bb global_colors_info=\u00bb{}\u00bb][et_pb_column type=\u00bb4_4&#8243; _builder_version=\u00bb4.27.4&#8243; _module_preset=\u00bbdefault\u00bb global_colors_info=\u00bb{}\u00bb][et_pb_text _builder_version=\u00bb4.27.5&#8243; _module_preset=\u00bb60870d62-2fd8-49f5-8b8b-5206be78e108&#8243; header_font=\u00bbPoppins||||||||\u00bb header_text_color=\u00bb#FFFFFF\u00bb header_font_size=\u00bb52px\u00bb custom_margin=\u00bb||0px||false|false\u00bb custom_padding=\u00bb||0px||false|false\u00bb hover_enabled=\u00bb0&#8243; global_colors_info=\u00bb{}\u00bb sticky_enabled=\u00bb0&#8243;]<\/p>\n<h1>Electricidad<\/h1>\n<p>[\/et_pb_text][et_pb_text _builder_version=\u00bb4.27.4&#8243; _module_preset=\u00bb58a1d7b2-94de-4bfc-b9f1-d3cd7e2dd3fc\u00bb text_font=\u00bbPoppins||||||||\u00bb text_text_color=\u00bb#FFFFFF\u00bb text_font_size=\u00bb27px\u00bb custom_margin=\u00bb0px||0px||false|false\u00bb custom_padding=\u00bb0px||0px||false|false\u00bb global_colors_info=\u00bb{}\u00bb]<\/p>\n<p>Somos distribuidores de las mejores marcas del sector del automovil.<\/p>\n<p>[\/et_pb_text][\/et_pb_column][\/et_pb_row][\/et_pb_section][et_pb_section fb_built=\u00bb1&#8243; disabled_on=\u00bboff|off|off\u00bb _builder_version=\u00bb4.27.5&#8243; _module_preset=\u00bbdefault\u00bb background_color=\u00bb#FFFFFF\u00bb custom_padding=\u00bb||53px|||\u00bb da_disable_devices=\u00bboff|off|off\u00bb global_colors_info=\u00bb{}\u00bb da_is_popup=\u00bboff\u00bb da_exit_intent=\u00bboff\u00bb da_has_close=\u00bbon\u00bb da_alt_close=\u00bboff\u00bb da_dark_close=\u00bboff\u00bb da_not_modal=\u00bbon\u00bb da_is_singular=\u00bboff\u00bb da_with_loader=\u00bboff\u00bb da_has_shadow=\u00bbon\u00bb][et_pb_row _builder_version=\u00bb4.27.4&#8243; width=\u00bb85.9%\u00bb custom_padding=\u00bb||14px||false|false\u00bb global_colors_info=\u00bb{}\u00bb][et_pb_column type=\u00bb4_4&#8243; _builder_version=\u00bb4.16&#8243; custom_padding=\u00bb|||\u00bb global_colors_info=\u00bb{}\u00bb custom_padding__hover=\u00bb|||\u00bb][et_pb_text _builder_version=\u00bb4.27.5&#8243; _module_preset=\u00bb79cdabfc-209d-4ccc-acc5-613999a5452c\u00bb header_2_font=\u00bbPoppins||||||||\u00bb header_2_font_size=\u00bb35px\u00bb custom_margin=\u00bb||20px|||\u00bb header_2_font_size_tablet=\u00bb35px\u00bb header_2_font_size_phone=\u00bb35px\u00bb header_2_font_size_last_edited=\u00bbon|phone\u00bb global_colors_info=\u00bb{}\u00bb]<\/p>\n<h2 style=\"text-align: center;\">Nuestros <span style=\"color: #ff0000;\">fabricantes<\/span><\/h2>\n<p>[\/et_pb_text][\/et_pb_column][\/et_pb_row][et_pb_row column_structure=\u00bb1_3,1_3,1_3&#8243; use_custom_gutter=\u00bbon\u00bb gutter_width=\u00bb2&#8243; make_equal=\u00bbon\u00bb module_class=\u00bbancho\u00bb _builder_version=\u00bb4.27.5&#8243; _module_preset=\u00bbdefault\u00bb max_width=\u00bb1600px\u00bb custom_padding=\u00bb||2px|||\u00bb global_colors_info=\u00bb{}\u00bb][et_pb_column type=\u00bb1_3&#8243; module_class=\u00bbconmu card\u00bb _builder_version=\u00bb4.27.5&#8243; _module_preset=\u00bbdefault\u00bb global_colors_info=\u00bb{}\u00bb][et_pb_image src=\u00bbhttps:\/\/nafer.com\/wp-content\/uploads\/2026\/02\/magneti.png\u00bb title_text=\u00bbmagneti\u00bb _builder_version=\u00bb4.27.5&#8243; _module_preset=\u00bbdefault\u00bb width=\u00bb23%\u00bb custom_margin=\u00bb||8px||false|false\u00bb custom_padding=\u00bb||0px||false|false\u00bb global_colors_info=\u00bb{}\u00bb][\/et_pb_image][et_pb_text _builder_version=\u00bb4.27.5&#8243; _module_preset=\u00bbdefault\u00bb header_font=\u00bbPoppins|700|||||||\u00bb header_font_size=\u00bb29px\u00bb header_3_font=\u00bbPoppins||||||||\u00bb custom_margin=\u00bb10px||0px||false|false\u00bb custom_padding=\u00bb21px||7px||false|false\u00bb global_colors_info=\u00bb{}\u00bb]<\/p>\n<p><strong>MAGNETI MARELLI <\/strong><\/p>\n<p>Fundada en 1919 en Italia, Magneti Marelli es un grupo multinacional especializado en sistemas de iluminaci\u00f3n, electr\u00f3nica, escape y tren motriz.<\/p>\n<p>[\/et_pb_text][et_pb_toggle title=\u00bbVer m\u00e1s\u00bb open_toggle_text_color=\u00bb#E02B20&#8243; open_toggle_background_color=\u00bbRGBA(255,255,255,0)\u00bb closed_toggle_background_color=\u00bbRGBA(255,255,255,0)\u00bb icon_color=\u00bb#E02B20&#8243; toggle_icon=\u00bb&#x24;||divi||400&#8243; use_icon_font_size=\u00bbon\u00bb icon_font_size=\u00bb25px\u00bb open_toggle_icon=\u00bb&#x23;||divi||400&#8243; _builder_version=\u00bb4.27.5&#8243; _module_preset=\u00bbdefault\u00bb title_text_color=\u00bb#E02B20&#8243; title_font=\u00bb|600|||||||\u00bb title_font_size=\u00bb14px\u00bb position_origin_r=\u00bbbottom_right\u00bb custom_margin=\u00bb18px||-5px||false|false\u00bb custom_padding=\u00bb0px|||0px|false|false\u00bb border_width_all=\u00bb0px\u00bb global_colors_info=\u00bb{}\u00bb]<\/p>\n<ul>\n<li>Filtros de aire, aceite y combustible<\/li>\n<li>Intercambiadores t\u00e9rmicos y radiadores<\/li>\n<li>Piezas para veh\u00edculos h\u00edbridos y el\u00e9ctricos<\/li>\n<\/ul>\n<p>[\/et_pb_toggle][et_pb_divider color=\u00bb#E02B20&#8243; divider_weight=\u00bb6px\u00bb module_class=\u00bbcard-border\u00bb _builder_version=\u00bb4.27.5&#8243; _module_preset=\u00bbdefault\u00bb global_colors_info=\u00bb{}\u00bb][\/et_pb_divider][\/et_pb_column][et_pb_column type=\u00bb1_3&#8243; module_class=\u00bbconmu card\u00bb _builder_version=\u00bb4.27.5&#8243; _module_preset=\u00bbdefault\u00bb global_colors_info=\u00bb{}\u00bb][et_pb_image src=\u00bbhttps:\/\/nafer.com\/wp-content\/uploads\/2026\/03\/ngk.png\u00bb title_text=\u00bbngk\u00bb _builder_version=\u00bb4.27.5&#8243; _module_preset=\u00bbdefault\u00bb width=\u00bb26%\u00bb custom_margin=\u00bb||8px||false|false\u00bb custom_padding=\u00bb||0px||false|false\u00bb global_colors_info=\u00bb{}\u00bb][\/et_pb_image][et_pb_text _builder_version=\u00bb4.27.5&#8243; _module_preset=\u00bbdefault\u00bb header_font=\u00bbPoppins|700|||||||\u00bb header_font_size=\u00bb29px\u00bb header_3_font=\u00bbPoppins||||||||\u00bb custom_margin=\u00bb10px||0px||false|false\u00bb custom_padding=\u00bb21px||7px||false|false\u00bb global_colors_info=\u00bb{}\u00bb]<\/p>\n<p><b>NGK<\/b><\/p>\n<p>Creada en 1936 en Nagoya (Jap\u00f3n), NGK Spark Plug es l\u00edder mundial en encendido y sensores para automoci\u00f3n.<\/p>\n<p>[\/et_pb_text][et_pb_toggle title=\u00bbVer m\u00e1s\u00bb open_toggle_text_color=\u00bb#E02B20&#8243; open_toggle_background_color=\u00bbRGBA(255,255,255,0)\u00bb closed_toggle_background_color=\u00bbRGBA(255,255,255,0)\u00bb icon_color=\u00bb#E02B20&#8243; toggle_icon=\u00bb&#x24;||divi||400&#8243; use_icon_font_size=\u00bbon\u00bb icon_font_size=\u00bb25px\u00bb open_toggle_icon=\u00bb&#x23;||divi||400&#8243; _builder_version=\u00bb4.27.5&#8243; _module_preset=\u00bbdefault\u00bb title_text_color=\u00bb#E02B20&#8243; title_font=\u00bb|600|||||||\u00bb title_font_size=\u00bb14px\u00bb position_origin_r=\u00bbbottom_right\u00bb custom_margin=\u00bb18px||-5px||false|false\u00bb custom_padding=\u00bb0px|||0px|false|false\u00bb border_width_all=\u00bb0px\u00bb global_colors_info=\u00bb{}\u00bb]<\/p>\n<ul>\n<li>Buj\u00edas de encendido y de precalentamiento<\/li>\n<li>Cables y bobinas de encendido<\/li>\n<li>Sensores de ox\u00edgeno (lambda)<\/li>\n<li>Sensores de temperatura y presi\u00f3n<\/li>\n<li>Bobinas y m\u00f3dulos electr\u00f3nicos<\/li>\n<\/ul>\n<p>[\/et_pb_toggle][et_pb_divider color=\u00bb#E02B20&#8243; divider_weight=\u00bb6px\u00bb module_class=\u00bbcard-border\u00bb _builder_version=\u00bb4.27.5&#8243; _module_preset=\u00bbdefault\u00bb global_colors_info=\u00bb{}\u00bb][\/et_pb_divider][\/et_pb_column][et_pb_column type=\u00bb1_3&#8243; module_class=\u00bbconmu card\u00bb _builder_version=\u00bb4.27.5&#8243; _module_preset=\u00bbdefault\u00bb global_colors_info=\u00bb{}\u00bb][et_pb_image src=\u00bbhttps:\/\/nafer.com\/wp-content\/uploads\/2026\/03\/HELLA.png\u00bb title_text=\u00bbHELLA\u00bb _builder_version=\u00bb4.27.5&#8243; _module_preset=\u00bbdefault\u00bb width=\u00bb23%\u00bb custom_margin=\u00bb||8px||false|false\u00bb custom_padding=\u00bb||0px||false|false\u00bb locked=\u00bboff\u00bb global_colors_info=\u00bb{}\u00bb][\/et_pb_image][et_pb_text _builder_version=\u00bb4.27.5&#8243; _module_preset=\u00bbdefault\u00bb header_font=\u00bbPoppins|700|||||||\u00bb header_font_size=\u00bb29px\u00bb header_3_font=\u00bbPoppins||||||||\u00bb custom_margin=\u00bb-5px||0px||false|false\u00bb custom_padding=\u00bb||7px||false|false\u00bb locked=\u00bboff\u00bb global_colors_info=\u00bb{}\u00bb]<\/p>\n<h3>HELLA<\/h3>\n<p>Fundada en 1899 en Lippstadt (Alemania), HELLA es l\u00edder mundial en iluminaci\u00f3n y electr\u00f3nica automotriz.<\/p>\n<p>[\/et_pb_text][et_pb_toggle title=\u00bbVer m\u00e1s\u00bb open_toggle_text_color=\u00bb#E02B20&#8243; open_toggle_background_color=\u00bbRGBA(255,255,255,0)\u00bb closed_toggle_background_color=\u00bbRGBA(255,255,255,0)\u00bb icon_color=\u00bb#E02B20&#8243; toggle_icon=\u00bb&#x24;||divi||400&#8243; use_icon_font_size=\u00bbon\u00bb icon_font_size=\u00bb25px\u00bb open_toggle_icon=\u00bb&#x23;||divi||400&#8243; _builder_version=\u00bb4.27.5&#8243; _module_preset=\u00bbdefault\u00bb title_text_color=\u00bb#E02B20&#8243; title_font=\u00bb|600|||||||\u00bb title_font_size=\u00bb14px\u00bb position_origin_r=\u00bbbottom_right\u00bb custom_margin=\u00bb18px||-5px||false|false\u00bb custom_padding=\u00bb0px|||0px|false|false\u00bb border_width_all=\u00bb0px\u00bb locked=\u00bboff\u00bb global_colors_info=\u00bb{}\u00bb]<\/p>\n<ul>\n<li>Sistemas de iluminaci\u00f3n (faros LED, xen\u00f3n, hal\u00f3genos)<\/li>\n<li>Iluminaci\u00f3n interior y se\u00f1alizaci\u00f3n<\/li>\n<li>Sensores y unidades electr\u00f3nicas<\/li>\n<li>Sistemas de asistencia a la conducci\u00f3n (ADAS)<\/li>\n<li>Rel\u00e9s, fusibles y conectores<\/li>\n<\/ul>\n<p>[\/et_pb_toggle][et_pb_divider color=\u00bb#E02B20&#8243; divider_weight=\u00bb6px\u00bb module_class=\u00bbcard-border\u00bb _builder_version=\u00bb4.27.5&#8243; _module_preset=\u00bbdefault\u00bb locked=\u00bboff\u00bb global_colors_info=\u00bb{}\u00bb][\/et_pb_divider][\/et_pb_column][\/et_pb_row][et_pb_row column_structure=\u00bb1_3,1_3,1_3&#8243; use_custom_gutter=\u00bbon\u00bb gutter_width=\u00bb2&#8243; make_equal=\u00bbon\u00bb module_class=\u00bbancho\u00bb _builder_version=\u00bb4.27.5&#8243; _module_preset=\u00bbdefault\u00bb max_width=\u00bb1600px\u00bb custom_padding=\u00bb||2px|||\u00bb global_colors_info=\u00bb{}\u00bb][et_pb_column type=\u00bb1_3&#8243; module_class=\u00bbconmu card\u00bb _builder_version=\u00bb4.27.5&#8243; _module_preset=\u00bbdefault\u00bb global_colors_info=\u00bb{}\u00bb][et_pb_image src=\u00bbhttps:\/\/nafer.com\/wp-content\/uploads\/2026\/03\/fae.png\u00bb title_text=\u00bbfae\u00bb _builder_version=\u00bb4.27.5&#8243; _module_preset=\u00bbdefault\u00bb width=\u00bb23%\u00bb custom_margin=\u00bb||8px||false|false\u00bb custom_padding=\u00bb||0px||false|false\u00bb global_colors_info=\u00bb{}\u00bb][\/et_pb_image][et_pb_text _builder_version=\u00bb4.27.5&#8243; _module_preset=\u00bbdefault\u00bb header_font=\u00bbPoppins|700|||||||\u00bb header_font_size=\u00bb29px\u00bb header_3_font=\u00bbPoppins||||||||\u00bb custom_margin=\u00bb10px||0px||false|false\u00bb custom_padding=\u00bb5px||7px||false|false\u00bb global_colors_info=\u00bb{}\u00bb]<\/p>\n<p><strong>FAE<\/strong><\/p>\n<p>Fundada en 1952 en Barcelona, Espa\u00f1a, FAE es fabricante europeo de componentes el\u00e9ctricos y electr\u00f3nicos para automoci\u00f3n (sectores OEM e IAM) con m\u00e1s de 5.000 referencias catalogadas<\/p>\n<p>[\/et_pb_text][et_pb_toggle title=\u00bbVer m\u00e1s\u00bb open_toggle_text_color=\u00bb#E02B20&#8243; open_toggle_background_color=\u00bbRGBA(255,255,255,0)\u00bb closed_toggle_background_color=\u00bbRGBA(255,255,255,0)\u00bb icon_color=\u00bb#E02B20&#8243; toggle_icon=\u00bb&#x24;||divi||400&#8243; use_icon_font_size=\u00bbon\u00bb icon_font_size=\u00bb25px\u00bb open_toggle_icon=\u00bb&#x23;||divi||400&#8243; _builder_version=\u00bb4.27.5&#8243; _module_preset=\u00bbdefault\u00bb title_text_color=\u00bb#E02B20&#8243; title_font=\u00bb|600|||||||\u00bb title_font_size=\u00bb14px\u00bb position_origin_r=\u00bbbottom_right\u00bb custom_margin=\u00bb18px||-5px||false|false\u00bb custom_padding=\u00bb0px|||0px|false|false\u00bb border_width_all=\u00bb0px\u00bb global_colors_info=\u00bb{}\u00bb]<\/p>\n<ul>\n<li>Sensores de gesti\u00f3n de motor (lambda, temperatura, presi\u00f3n)<\/li>\n<li>Bobinas de encendido y cables asociados<\/li>\n<li>V\u00e1lvulas y solenoides para gesti\u00f3n t\u00e9rmica<\/li>\n<li>Termostatos, sondas de aceite\/agua\/aire<\/li>\n<li>Interruptores y dispositivos electr\u00f3nicos auxiliares<\/li>\n<\/ul>\n<p>[\/et_pb_toggle][et_pb_divider color=\u00bb#E02B20&#8243; divider_weight=\u00bb6px\u00bb module_class=\u00bbcard-border\u00bb _builder_version=\u00bb4.27.5&#8243; _module_preset=\u00bbdefault\u00bb global_colors_info=\u00bb{}\u00bb][\/et_pb_divider][\/et_pb_column][et_pb_column type=\u00bb1_3&#8243; module_class=\u00bbconmu card\u00bb _builder_version=\u00bb4.27.5&#8243; _module_preset=\u00bbdefault\u00bb global_colors_info=\u00bb{}\u00bb][et_pb_image src=\u00bbhttps:\/\/nafer.com\/wp-content\/uploads\/2026\/03\/delphi.png\u00bb title_text=\u00bbdelphi\u00bb _builder_version=\u00bb4.27.5&#8243; _module_preset=\u00bbdefault\u00bb width=\u00bb13%\u00bb custom_margin=\u00bb||8px||false|false\u00bb custom_padding=\u00bb||0px||false|false\u00bb global_colors_info=\u00bb{}\u00bb][\/et_pb_image][et_pb_text _builder_version=\u00bb4.27.5&#8243; _module_preset=\u00bbdefault\u00bb header_font=\u00bbPoppins|700|||||||\u00bb header_font_size=\u00bb29px\u00bb header_3_font=\u00bbPoppins||||||||\u00bb custom_margin=\u00bb17px||0px||false|false\u00bb custom_padding=\u00bb||7px||false|false\u00bb global_colors_info=\u00bb{}\u00bb]<\/p>\n<h3>Delphi<\/h3>\n<p>Fundada en 1994 como spin-off de General Motors, con sede en Reino Unido, DELPHI es un proveedor l\u00edder de soluciones electr\u00f3nicas y de sistemas de inyecci\u00f3n<\/p>\n<p>[\/et_pb_text][et_pb_toggle title=\u00bbVer m\u00e1s\u00bb open_toggle_text_color=\u00bb#E02B20&#8243; open_toggle_background_color=\u00bbRGBA(255,255,255,0)\u00bb closed_toggle_background_color=\u00bbRGBA(255,255,255,0)\u00bb icon_color=\u00bb#E02B20&#8243; toggle_icon=\u00bb&#x24;||divi||400&#8243; use_icon_font_size=\u00bbon\u00bb icon_font_size=\u00bb25px\u00bb open_toggle_icon=\u00bb&#x23;||divi||400&#8243; _builder_version=\u00bb4.27.5&#8243; _module_preset=\u00bbdefault\u00bb title_text_color=\u00bb#E02B20&#8243; title_font=\u00bb|600|||||||\u00bb title_font_size=\u00bb14px\u00bb position_origin_r=\u00bbbottom_right\u00bb custom_margin=\u00bb0px||-6px||false|false\u00bb custom_padding=\u00bb0px|||0px|false|false\u00bb border_width_all=\u00bb0px\u00bb global_colors_info=\u00bb{}\u00bb]<\/p>\n<ul>\n<li>Sistemas de inyecci\u00f3n di\u00e9sel y gasolina<\/li>\n<li>Sensores y v\u00e1lvulas de gesti\u00f3n del motor<\/li>\n<li>Componentes de freno (pastillas, discos)<\/li>\n<li>Buj\u00edas y bobinas<\/li>\n<li>Electr\u00f3nica de control y diagn\u00f3stico<\/li>\n<li>Componentes de suspensi\u00f3n y direcci\u00f3n<\/li>\n<\/ul>\n<p>[\/et_pb_toggle][et_pb_divider color=\u00bb#E02B20&#8243; divider_weight=\u00bb6px\u00bb module_class=\u00bbcard-border\u00bb _builder_version=\u00bb4.27.5&#8243; _module_preset=\u00bbdefault\u00bb locked=\u00bboff\u00bb global_colors_info=\u00bb{}\u00bb][\/et_pb_divider][\/et_pb_column][et_pb_column type=\u00bb1_3&#8243; module_class=\u00bbconmu card\u00bb _builder_version=\u00bb4.27.5&#8243; _module_preset=\u00bbdefault\u00bb global_colors_info=\u00bb{}\u00bb][et_pb_image src=\u00bbhttps:\/\/nafer.com\/wp-content\/uploads\/2026\/03\/ferve.png\u00bb title_text=\u00bbferve\u00bb _builder_version=\u00bb4.27.5&#8243; _module_preset=\u00bbdefault\u00bb width=\u00bb16%\u00bb custom_margin=\u00bb||8px||false|false\u00bb custom_padding=\u00bb||0px||false|false\u00bb global_colors_info=\u00bb{}\u00bb][\/et_pb_image][et_pb_text _builder_version=\u00bb4.27.5&#8243; _module_preset=\u00bbdefault\u00bb header_font=\u00bbPoppins|700|||||||\u00bb header_font_size=\u00bb29px\u00bb header_3_font=\u00bbPoppins||||||||\u00bb custom_margin=\u00bb17px||0px||false|false\u00bb custom_padding=\u00bb||7px||false|false\u00bb global_colors_info=\u00bb{}\u00bb]<\/p>\n<h3>FERVE<\/h3>\n<p>Empresa espa\u00f1ola fundada en 1956 en Barcelona, <strong>Ferve S.A.<\/strong> es especialista en soluciones el\u00e9ctricas y electr\u00f3nicas para el mantenimiento de bater\u00edas y sistemas de carga.<\/p>\n<p>[\/et_pb_text][et_pb_toggle title=\u00bbVer m\u00e1s\u00bb open_toggle_text_color=\u00bb#E02B20&#8243; open_toggle_background_color=\u00bbRGBA(255,255,255,0)\u00bb closed_toggle_background_color=\u00bbRGBA(255,255,255,0)\u00bb icon_color=\u00bb#E02B20&#8243; toggle_icon=\u00bb&#x24;||divi||400&#8243; use_icon_font_size=\u00bbon\u00bb icon_font_size=\u00bb25px\u00bb open_toggle_icon=\u00bb&#x23;||divi||400&#8243; _builder_version=\u00bb4.27.5&#8243; _module_preset=\u00bbdefault\u00bb title_text_color=\u00bb#E02B20&#8243; title_font=\u00bb|600|||||||\u00bb title_font_size=\u00bb14px\u00bb position_origin_r=\u00bbbottom_right\u00bb custom_margin=\u00bb0px||-6px||false|false\u00bb custom_padding=\u00bb0px|||0px|false|false\u00bb border_width_all=\u00bb0px\u00bb global_colors_info=\u00bb{}\u00bb]<\/p>\n<ul>\n<li>Cargadores y mantenedores de bater\u00edas<\/li>\n<li>Comprobadores de bater\u00edas y alternadores<\/li>\n<li>Arrancadores port\u00e1tiles (booster)<\/li>\n<li>Transformadores y fuentes de alimentaci\u00f3n<\/li>\n<li>Cables de carga y pinzas de arranque<\/li>\n<li>Equipos electr\u00f3nicos para talleres y flotas<\/li>\n<\/ul>\n<p>[\/et_pb_toggle][et_pb_divider color=\u00bb#E02B20&#8243; divider_weight=\u00bb6px\u00bb module_class=\u00bbcard-border\u00bb _builder_version=\u00bb4.27.5&#8243; _module_preset=\u00bbdefault\u00bb locked=\u00bboff\u00bb global_colors_info=\u00bb{}\u00bb][\/et_pb_divider][\/et_pb_column][\/et_pb_row][et_pb_row column_structure=\u00bb1_3,1_3,1_3&#8243; use_custom_gutter=\u00bbon\u00bb gutter_width=\u00bb2&#8243; make_equal=\u00bbon\u00bb module_class=\u00bbancho\u00bb _builder_version=\u00bb4.27.5&#8243; _module_preset=\u00bbdefault\u00bb max_width=\u00bb1600px\u00bb custom_padding=\u00bb||2px|||\u00bb global_colors_info=\u00bb{}\u00bb][et_pb_column type=\u00bb1_3&#8243; module_class=\u00bbconmu card\u00bb _builder_version=\u00bb4.27.5&#8243; _module_preset=\u00bbdefault\u00bb global_colors_info=\u00bb{}\u00bb][et_pb_image src=\u00bbhttps:\/\/nafer.com\/wp-content\/uploads\/2026\/03\/osram.png\u00bb title_text=\u00bbosram\u00bb _builder_version=\u00bb4.27.5&#8243; _module_preset=\u00bbdefault\u00bb width=\u00bb23%\u00bb custom_margin=\u00bb||8px||false|false\u00bb custom_padding=\u00bb||0px||false|false\u00bb global_colors_info=\u00bb{}\u00bb][\/et_pb_image][et_pb_text _builder_version=\u00bb4.27.5&#8243; _module_preset=\u00bbdefault\u00bb header_font=\u00bbPoppins|700|||||||\u00bb header_font_size=\u00bb29px\u00bb header_3_font=\u00bbPoppins||||||||\u00bb custom_margin=\u00bb10px||0px||false|false\u00bb custom_padding=\u00bb5px||7px||false|false\u00bb global_colors_info=\u00bb{}\u00bb]<\/p>\n<p><strong>OSRAM<\/strong><\/p>\n<p>Fundada en 1919 en Alemania, <strong>OSRAM GmbH<\/strong> es una de las compa\u00f1\u00edas l\u00edderes mundiales en iluminaci\u00f3n y tecnolog\u00eda \u00f3ptica.<\/p>\n<p>[\/et_pb_text][et_pb_toggle title=\u00bbVer m\u00e1s\u00bb open_toggle_text_color=\u00bb#E02B20&#8243; open_toggle_background_color=\u00bbRGBA(255,255,255,0)\u00bb closed_toggle_background_color=\u00bbRGBA(255,255,255,0)\u00bb icon_color=\u00bb#E02B20&#8243; toggle_icon=\u00bb&#x24;||divi||400&#8243; use_icon_font_size=\u00bbon\u00bb icon_font_size=\u00bb25px\u00bb open_toggle_icon=\u00bb&#x23;||divi||400&#8243; _builder_version=\u00bb4.27.5&#8243; _module_preset=\u00bbdefault\u00bb title_text_color=\u00bb#E02B20&#8243; title_font=\u00bb|600|||||||\u00bb title_font_size=\u00bb14px\u00bb position_origin_r=\u00bbbottom_right\u00bb custom_margin=\u00bb18px||-5px||false|false\u00bb custom_padding=\u00bb0px|||0px|false|false\u00bb border_width_all=\u00bb0px\u00bb global_colors_info=\u00bb{}\u00bb]<\/p>\n<ul>\n<li>Bombillas hal\u00f3genas, LED y xen\u00f3n para automoci\u00f3n<\/li>\n<li>Sistemas de iluminaci\u00f3n interior y exterior<\/li>\n<li>Kits de faros y m\u00f3dulos LED inteligentes<\/li>\n<li>Luces de matr\u00edcula, freno y se\u00f1alizaci\u00f3n<\/li>\n<li>Iluminaci\u00f3n para veh\u00edculos industriales y motos<\/li>\n<li>Soluciones de visibilidad y seguridad nocturna<\/li>\n<\/ul>\n<p>[\/et_pb_toggle][et_pb_divider color=\u00bb#E02B20&#8243; divider_weight=\u00bb6px\u00bb module_class=\u00bbcard-border\u00bb _builder_version=\u00bb4.27.5&#8243; _module_preset=\u00bbdefault\u00bb global_colors_info=\u00bb{}\u00bb][\/et_pb_divider][\/et_pb_column][et_pb_column type=\u00bb1_3&#8243; _builder_version=\u00bb4.27.5&#8243; _module_preset=\u00bbdefault\u00bb global_colors_info=\u00bb{}\u00bb][\/et_pb_column][et_pb_column type=\u00bb1_3&#8243; _builder_version=\u00bb4.27.5&#8243; _module_preset=\u00bbdefault\u00bb global_colors_info=\u00bb{}\u00bb][\/et_pb_column][\/et_pb_row][\/et_pb_section]<\/p>\n","protected":false},"excerpt":{"rendered":"<p>ElectricidadSomos distribuidores de las mejores marcas del sector del automovil.Nuestros fabricantesMAGNETI MARELLI Fundada en 1919 en Italia, Magneti Marelli es un grupo multinacional especializado en sistemas de iluminaci\u00f3n, electr\u00f3nica, escape y tren motriz. Filtros de aire, aceite y combustible Intercambiadores t\u00e9rmicos y radiadores Piezas para veh\u00edculos h\u00edbridos y el\u00e9ctricos NGK Creada en 1936 en Nagoya (Jap\u00f3n), NGK Spark Plug es l\u00edder mundial en encendido y sensores para automoci\u00f3n. Buj\u00edas de encendido y de precalentamiento Cables y bobinas de encendido Sensores de ox\u00edgeno (lambda) Sensores de temperatura y presi\u00f3n Bobinas y m\u00f3dulos electr\u00f3nicos HELLA Fundada en 1899 en Lippstadt (Alemania), HELLA es l\u00edder mundial en iluminaci\u00f3n y electr\u00f3nica automotriz. Sistemas de iluminaci\u00f3n (faros LED, xen\u00f3n, hal\u00f3genos) Iluminaci\u00f3n interior y se\u00f1alizaci\u00f3n Sensores y unidades electr\u00f3nicas Sistemas de asistencia a la conducci\u00f3n (ADAS) Rel\u00e9s, fusibles y conectores FAE Fundada en 1952 en Barcelona, Espa\u00f1a, FAE es fabricante europeo de componentes el\u00e9ctricos y electr\u00f3nicos para automoci\u00f3n (sectores OEM e IAM) con m\u00e1s de 5.000 referencias catalogadas Sensores de gesti\u00f3n de motor (lambda, temperatura, presi\u00f3n) Bobinas de encendido y cables asociados V\u00e1lvulas y solenoides para gesti\u00f3n t\u00e9rmica Termostatos, sondas de aceite\/agua\/aire Interruptores y dispositivos electr\u00f3nicos auxiliares Delphi Fundada en 1994 como spin-off de General Motors, [&hellip;]<\/p>\n","protected":false},"author":1,"featured_media":0,"parent":0,"menu_order":0,"comment_status":"closed","ping_status":"closed","template":"","meta":{"_et_pb_use_builder":"on","_et_pb_old_content":"","_et_gb_content_width":"","footnotes":""},"class_list":["post-115","page","type-page","status-publish","hentry"],"_links":{"self":[{"href":"https:\/\/nafer.com\/index.php?rest_route=\/wp\/v2\/pages\/115","targetHints":{"allow":["GET"]}}],"collection":[{"href":"https:\/\/nafer.com\/index.php?rest_route=\/wp\/v2\/pages"}],"about":[{"href":"https:\/\/nafer.com\/index.php?rest_route=\/wp\/v2\/types\/page"}],"author":[{"embeddable":true,"href":"https:\/\/nafer.com\/index.php?rest_route=\/wp\/v2\/users\/1"}],"replies":[{"embeddable":true,"href":"https:\/\/nafer.com\/index.php?rest_route=%2Fwp%2Fv2%2Fcomments&post=115"}],"version-history":[{"count":10,"href":"https:\/\/nafer.com\/index.php?rest_route=\/wp\/v2\/pages\/115\/revisions"}],"predecessor-version":[{"id":346,"href":"https:\/\/nafer.com\/index.php?rest_route=\/wp\/v2\/pages\/115\/revisions\/346"}],"wp:attachment":[{"href":"https:\/\/nafer.com\/index.php?rest_route=%2Fwp%2Fv2%2Fmedia&parent=115"}],"curies":[{"name":"wp","href":"https:\/\/api.w.org\/{rel}","templated":true}]}}